s 401545125 - 4?
401545121
In base 12, what is 55a558 + 3a?
55a596
In base 16, what is -a6 + -74fb8?
-7505e
In base 4, what is -1 - 1132000122333?
-1132000123000
In base 10, what is -20426772 + 4?
-20426768
In base 5, what is 4 - 1024044300?
-1024044241
In base 12, what is -1 - -95993?
95992
In base 4, what is 2 - 12123232111?
-12123232103
In base 5, what is 43332234 - -302?
43333041
In base 9, what is -4160550110 - -4?
-4160550105
In base 15, what is -30 - 35ae91?
-35aec1
In base 11, what is -378895a + 6?
-3788954
In base 10, what is 46827172 - 0?
46827172
In base 14, what is -77d - -42361?
419c2
In base 9, what is 2 + 503135780?
503135782
In base 12, what is 336257 + -34a?
335b09
In base 6, what is -54213 - 1022530?
-1121143
In base 6, what is 2 + -24120051104?
-24120051102
In base 7, what is -120 + 5120444?
5120324
In base 10, what is -559221 + 4?
-559217
In base 2, what is -1010001 - -110001010100100?
110001001010011
In base 11, what is -2928 + -a94?
-3911
In base 3, what is -11002102 + 21211?
-10210121
In base 8, what is -2 + 630540351?
630540347
In base 8, what is 4 - -2226112?
2226116
In base 11, what is -210 - 21a61?
-22171
In base 15, what is 90943bd + 3?
90943c1
In base 16, what is b1 - a4b00?
-a4a4f
In base 9, what is 1 + -2444873?
-2444872
In base 6, what is 331213553 + 43?
331214040
In base 2, what is -10010101100101010110100 + -1001?
-10010101100101010111101
In base 14, what is -3a9c33 - 13?
-3a9c46
In base 11, what is 320807 + -a45?
31a872
In base 9, what is 4 + -45333406?
-45333402
In base 6, what is 115502 - 100123?
15335
In base 15, what is -8ee1 - -1a5?
-8d3b
In base 12, what is 899808 - -101?
899909
In base 14, what is 2 - 116ca8dd?
-116ca8db
In base 2, what is -1111001011110101001 + 110000?
-1111001011101111001
In base 15, what is 19ec621 - 1?
19ec620
In base 7, what is -5 - -360352653?
360352645
In base 9, what is -22624554 - 65?
-22624630
In base 15, what is 7 - 2829130?
-2829128
In base 14, what is -39d652 - b?
-39d65d
In base 2, what is 10000000001010100011000 + 0?
10000000001010100011000
In base 13, what is 0 - a054445?
-a054445
In base 6, what is 111025 - -2155410?
2310435
In base 10, what is 816 + -255921?
-255105
In base 6, what is 24500151 + 1?
24500152
In base 9, what is -47 + -48588521?
-48588568
In base 13, what is -3755 - -1ac?
-3576
In base 2, what is -101001011 + -11101100?
-1000110111
In base 3, what is 20102202 - -100220102012?
101010211221
In base 4, what is -3 + 130310323112?
130310323103
In base 8, what is -151525247 + 5?
-151525242
In base 10, what is 2093619 + -186?
2093433
In base 8, what is -1372711 + 103?
-1372606
In base 5, what is 22200243443303 - -10?
22200243443313
In base 12, what is 1 - 324481b7?
-324481b6
In base 9, what is -10555437 + -3?
-10555441
In base 5, what is 114 - 1112311102?
-1112310433
In base 7, what is -4251036 - 10?
-4251046
In base 11, what is -5 - 88456a?
-884574
In base 12, what is -146 + 920?
796
In base 8, what is -4 + 403651715?
403651711
In base 5, what is 4211141 + -40403?
4120233
In base 14, what is 6 - 341722c?
-3417226
In base 8, what is 12 + -42077374?
-42077362
In base 10, what is -2153208 + 3?
-2153205
In base 2, what is -100000011100100010000 + -101010?
-100000011100100111010
In base 7, what is 4 - 2251063640?
-2251063633
In base 13, what is -143 + 68b78?
68a35
In base 15, what is 5b2c5 - 166?
5b15e
In base 2, what is -100011 - 10111101010001110011001?
-10111101010001110111100
In base 7, what is -13511356 - -1?
-13511355
In base 8, what is 10264400 + 26?
10264426
In base 4, what is -230011003 - -213?
-230010130
In base 13, what is 1702 + -4372?
-2970
In base 8, what is 46506 - 15106?
31400
In base 11, what is 15925 + 38?
15962
In base 8, what is 2 - -54005232?
54005234
In base 13, what is -33cc02 - -3?
-33cbcc
In base 3, what is -2221020 + -101001220202?
-101011211222
In base 8, what is -275034 + 3235?
-271577
In base 15, what is -3a1c8596 - 5?
-3a1c859b
In base 14, what is -80 + -2030d?
-2038d
In base 12, what is -4 - 340393?
-340397
In base 6, what is 21415200101 + 5?
21415200110
In base 3, what is -100121101 + -1010020000?
-1110211101
In base 16, what is 4454 + -2a2?
41b2
In base 12, what is 34 - -647?
67b
In base 5, what is -20412202304 - -31?
-20412202223
In base 6, what is 333244051 + -2?
333244045
In base 15, what is -c24d3 + -7?
-c24da
In base 16, what is 2f912e - 0?
2f912e
In base 4, what is 20011 - 13033021012?
-13033001001
In base 11, what is 2543115 - 1?
2543114
In base 5, what is 30131221 - 113?
30131103
In base 8, what is 0 + 1563137055?
1563137055
In base 9, what is 52 + 60868?
61031
In base 11, what is 107 - -866034?
866140
In base 14, what is c3d + 7b8a1?
7c700
In base 13, what is -1a98ac9c - -1?
-1a98ac9b
In base 15, what is ddb + -4718?
-382c
In base 16, what is ce3 + -1da2?
-10bf
In base 7, what is -2 - -135255306?
135255304
In base 15, what is -d5e946 - 0?
-d5e946
In base 7, what is 3 + -41525361?
-41525355
In base 11, what is 25a8133 + 27?
25a815a
In base 9, what is 23 + -1834574?
-1834551
In base 4, what is -222130120 - 302?
-222131022
In base 13, what is -1607336 - 2?
-1607338
In base 15, what is -4 - -d456?
d452
In base 4, what is 13 - -12130222302?
12130222321
In base 10, what is -78365 + -63?
-78428
In base 11, what is 94543 - 28a?
94264
In base 7, what is -1 + -230045033?
-230045034
In base 4, what is -100100310 - -303?
-100100001
In base 10, what is -1134677017 + 4?
-1134677013
In base 9, what is 5 + -23262321?
-23262315
In base 9, what is -20545853 + -7?
-20545861
In base 16, what is 38 + -222050?
-222018
In base 13, what is -3 - -b925c0?
b925ba
In base 15, what is 1815d69 + -2?
1815d67
In base 16, what is 19f86 - 5c5?
199c1
In base 14, what is -3427 + 4b?
-33ba
In base 8, what is -43145362 + 2?
-43145360
In base 6, what is 122 - -3433523?
3434045
In base 5, what is -1223114 + -1303313?
-3031432
In base 16, what is 3d5e2 + -346?
3d29c
In base 6, what is -1 + -1233501513?
-1233501514
In base 6, what is -212 - -213430425?
213430213
In base 3, what is -201 - 10110112220?
-10110120121
In base 16, what is d3 + 15041?
15114
In base 9, what is 5 - 5053063?
-5053057
In base 5, what is -34241420 + 3340?
-34233030
In base 6, what is 123402 + -2025?
121333
In base 3, what is 21102002120002 - -10?
21102002120012
In base 5, what is 320334 + -312?
320022
In base 10, what is -3 - 24831962?
-24831965
In base 11, what is -5 + -1325453?
-1325458
In base 12, what is -13454524 - 5?
-13454529
In base 13, what is 11 + 1c97a8?
1c97b9
In base 10, what is 4896128 + 2?
4896130
In base 4, what is 101202 + -302000322?
-301233120
In base 16, what is -2fbf54 - -2?
-2fbf52
In base 5, what is 2104313013414 - 2?
2104313013412
In base 5, what is 32302404 - 3?
32302401
In base 8, what is -155 + 5530100?
5527723
In base 3, what is 11 + -10210211222211?
-10210211222200
In base 7, what is 235 + -333355?
-333120
In base 14, what is 1a4c541 + -2?
1a4c53d
In base 2, what is 1000100001010010 + 110110111100?
1001011000001110
In base 8, what is 77405602 + -1?
77405601
In base 7, what is 44156414 - -304?
44160021
In base 15, what is 10000 - e19?
e0d6
In base 14, what is 1 - -60cac50?
60cac51
In base 6, what is -12 + -351332?
-351344
In base 14, what is -18781 + 1b5?
-185aa
In base 2, what is -1111111101001111001 - -1010111?
-1111111101000100010
In base 13, what is -5a28c - 0?
-5a28c
In base 14, what is 2523 - -32c6?
5809
In base 16, what is -250 + f253?
f003
In base 15, what is -25ebb - 16c?
-26138
In base 8, what is 13 + 27717165?
27717200
In base 8, what is 22752431 - 10?
22752421
In base 14, what is 177d6 + -143?
17693
In base 16, what is 16c67 - 21?
16c46
In base 16, what is 0 + -45bd2?
-45bd2
In base 2, what is 100110 - 111110000011000101?
-111110000010011111
In base 8, what is 152 - -60547346?
60547520
In base 11, what is 2237 + -988?
135a
In base 14, what is 4b63a95 + 13?
4b63aa8
In base 15, what is 1e - -7bcd?
7bec
In base 11, what is 48819318 + -1?
48819317
In base 2, what is -1000111010110001000 + 11001?
-1000111010101101111
In base 2, what is 10110001010000110100000 - 10100010?
10110001010000011111110
In base 15, what is 27a548 + 2?
27a54a
In base 9, what is 6338473 - 458?
6338014
In base 5, what is 314401304 - -103?
314401412
In base 2, what is -10110100000110